 + 5*z + 8. Let j(c) = x*u(c) - 4*h(c). Calculate j(-8).
-13
Suppose 54*a + 28 = 58*a. Let z(r) = -r**3 - r**2 + 1. Let h(q) = 4*q**3 - 3*q**2 - 10*q + 6. Let p(u) = -h(u) - 3*z(u). What is p(a)?
12
Let k(y) = -64*y**3 - y**2 - 2*y + 2. Suppose 5*b = 10, 4*z - 8*b - 2 = -7*b. Calculate k(z).
-65
Let u(y) be the second derivative of 13*y**3/6 + 25*y**2 - 2*y - 2334. Calculate u(-6).
-28
Let r(k) = -k**2 - 11*k - 8. Let g(p) be the first derivative of p**2/2 + 10*p + 1. Let o be (-10)/7*((-55)/(-55) - (0 - 13)). Let m be g(o). Determine r(m).
2
Let s(u) = u - 2. Suppose -t = -2*p + 85, 0 = -3*p - 2*t + 91 + 54. Let z be (-3)/(-5) + (-1242)/p. Let k be 16/(-72) - (-48)/z. Give s(k).
-4
Let s = 25881 + -25878. Let t(m) = m**2 - 3*m - 3. Determine t(s).
-3
Let f(u) = 4*u + 37. Let i = 1408 - 1416. Calculate f(i).
5
Suppose 2*p + 24 = 10*p. Suppose -a + 8 = p*o, -4*a + o + 18 = -o. Suppose 2*s + 2*r = 7*s - 19, -a*s - 5*r + 5 = 0. Let q(c) = -c - 3. Determine q(s).
-6
Let h = -23025 + 23036. Let y(q) = -2*q**3 + 24*q**2 - 23*q. What is y(h)?
-11
Suppose -2*z = 3*z. Let u(t) be the third derivative of -1/120*t**6 + 13*t**2 + t**3 + 0 - 1/24*t**4 + 1/60*t**5 + 0*t. What is u(z)?
6
Let n(r) = r**3 + 6*r**2 - 3*r - 13. Suppose -110*w + 115*w = -30. Give n(w).
5
Let c(i) = -6*i**2 - 3*i**2 + 1014*i + 4 - 1004*i. Let x be c(-1). Let m(h) = -h**2 - 15*h + 3. Calculate m(x).
3
Let w(a) = 93*a + 548. Let b(t) = 2*t**3 + 18*t**2 - 110*t + 18. Let p be b(4). Calculate w(p).
-10
Let l(d) = -849 + 10*d + 853 + 4*d - d**2. Let z(j) = -3*j. Let h(p) = l(p) + 6*z(p). What is h(-4)?
4
Let x(h) = -5*h**2 + 7*h + 225 + 222 + 4*h**2 - 431. What is x(0)?
16
Suppose 4*r - h = h - 18, -2*r - 29 = -5*h. Let y(k) = -13*k - 4. Determine y(r).
22
Let q(g) = 13. Let v(r) = 2*r + 3. Let u(o) = q(o) - 4*v(o). What is u(2)?
-15
Let p = 278 + -286. Let n(w) = 2 - 2*w - 4 + 6 + 3 + 0. Calculate n(p).
23
Let b(y) = y**2 + 9*y - 7. Let k(w) = -w. Let z(v) = b(v) + k(v). Suppose -3*c - 30*j = -29*j + 12, 0 = 4*c + 8*j - 4. What is z(c)?
-22
Let j(f) = -f**2 - 3*f - 2. Let t(x) = -10*x - 18. Let q be t(2). Let g = q + 36. Calculate j(g).
0
Let m(h) = 20*h - 1. Let d(g) = -9*g + 2. Let j(u) = 6*d(u) + 3*m(u). Give j(-2).
-3
Let f(t) = 3*t**3 - 37*t**2 + 68*t - 41. Let c(z) = -z**3 + 12*z**2 - 23*z + 13. Let o(j) = -7*c(j) - 2*f(j). Calculate o(6).
-3
Let i = -1 + -1. Let r(h) = -h + 1. Let d(m) = -18*m + 15. Suppose -29 = p - b, -56 - 55 = 3*p + 3*b. Let a(f) = p*r(f) + 2*d(f). What is a(i)?
3
Suppose k + s - 12 = 0, -k + 4*s - 20 + 52 = 0. Let d(n) = n**3 - 15*n**2 - 15*n + 5. What is d(k)?
21
Let l be (-4)/(16/(-36)) - (3 + -2). Let z(c) = -16*c**3 + 6*c**3 - 2*c**2 + l*c**3 + 4*c - 3. Calculate z(2).
-19
Let i(c) be the third derivative of -c**6/120 - 17*c**5/60 - 7*c**4/12 + 4*c**3 - 32*c**2. Determine i(-16).
-8
Let u = 412 - 405. Let y(t) = 2*t + u*t - 10*t. Give y(-4).
4
Let j(h) = 3*h**2 - 25*h + 48. Let z(t) = -66*t - 258. Let y be z(-4). Let f be j(y). Let s(r) = r**3 - 7*r**2 + 8*r - 8. Give s(f).
4
Let i(u) = 2*u**2 - 24*u - 4. Suppose 0 = -193*f - 1241 + 4136. Determine i(f).
86
Let y = -7 + 5. Let v be -2 - (-4 + 2 + y). Let m(x) = 2*x**v - 4*x**2 - x**2 - 5*x**3 + 2 + 6*x**3 - 3*x. Determine m(4).
6
Let a = 17 + -31. Let s(i) be the first derivative of i**2 + 33*i - 3996. Calculate s(a).
5
Let l(p) be the second derivative of -1/12*p**4 + 1/10*p**5 + 0 - 29*p - 1/6*p**3 + p**2. What is l(-2)?
-16
Let r(y) = -7*y**2 + 7*y - 4. Let h(k) = -3*k - 17. Let q be h(-6). Let c be r(q). Let s(f) = f**2 + 5*f + 2. Calculate s(c).
-2
Let k(a) = -a**3 - a**2 + a - 1. Let c(g) = 43 - 5*g - 43 + 3*g**2. Suppose -4*s - 3*w - 2 = -0*s, 5*s - 3*w = 11. Let r(m) = s*k(m) - c(m). Give r(-5).
-6
Let g(p) = 7*p**3 - 9 + p + 4*p**3 - 12*p**3. Let y(l) = l + 15. Let r be y(-11). Let q be 4/2 + r + -6. Calculate g(q).
-9
Let c(v) = 91*v**3 - 63961*v**2 + 63961*v**2 - 1 + 0 - 22*v**3. What is c(1)?
68
Let n(p) = -p**2 + 27*p - 35. Let w be n(26). Let x(b) be the third derivative of b**6/120 + b**5/6 + 3*b**4/8 - 5*b**3/6 + 202*b**2. Give x(w).
-5
Suppose -2*w = 3*w - 10. Let l be ((-5)/w)/(1/2). Let m(s) = 11*s**2 - 12*s - 24. Let g(v) = 4*v**2 - 5*v - 9. Let o(t) = -8*g(t) + 3*m(t). Determine o(l).
5
Let c(i) = -3*i**2 + 16*i - 8. Let n(m) = -7*m**2 + 37*m - 13. Let x(y) = -5*c(y) + 2*n(y). Calculate x(6).
14
Let v be (10/(-4))/5*4. Let f(u) = u**3 + 4*u**2 - 4*u - 3. Let b(t) = -t**2 - t - 1. Let g(n) = v*b(n) - f(n). Give g(-3).
-4
Let s(c) = -42 - 50 - 3*c + c - 41*c**2 + 90 + 39*c**2. Determine s(2).
-14
Let k(p) = -2*p**3 + 55*p**2 - 26*p - 25. Let h be k(27). Let t(z) be the second derivative of 1/12*z**4 + 1/3*z**3 - 1/2*z**h + 17*z + 0. Calculate t(-4).
7
Let m(w) = 13 + 60 - 1923*w + 3839*w - 1923*w. What is m(0)?
73
Let m(h) be the third derivative of -h**4/24 + h**3/2 - 27*h**2. Let o(x) = -x**3 - 3*x + 8*x**2 - 14 + 2*x**3 + 2*x + 0. Let j be o(-8). Calculate m(j).
9
Let l(y) = -2*y**2 - 5*y**2 + 1 + 6*y**2. Let a be 3*6/(-9) + (9 - 4). Determine l(a).
-8
Let i(b) = -19960 - 2*b - 20*b + 20028. Give i(3).
2
Let j be -129 + 133 + 4/2. Let t(z) = -8*z + 74. Calculate t(j).
26
Let i(u) be the first derivative of -u**3/3 + 5*u**2 - 11*u - 114. Let p be 2/(-5 + 3) - (1 + -11). What is i(p)?
-2
Let v(w) = 34*w + 34. Let d(h) be the third derivative of h**4/3 - 170*h**2. Let g(a) = 4*d(a) - v(a). Give g(-18).
2
Let g be 0/(5/(3 - -2)). Let i(l) = -5 + l**3 - 171*l - 162*l + 502*l - 170*l - l**2. What is i(g)?
-5
Suppose -10 = s + 4*s. Let f(q) = -3*q - 8 + 15 - 3*q**3 + 3 + q**2 - 11 + 4*q**3. Determine f(s).
1
Let h(g) = 85*g + 5 + 65*g + g**3 + 67*g + g**2 - 217*g. Let z(d) = -d - 3. Let j be z(-3). Determine h(j).
5
Let c(t) be the third derivative of -t**4/12 + 2*t**3 - 7*t**2. Suppose 2*h + 4*r = 20, -7*r + 8*r = 3*h - 9. Give c(h).
4
Let l(x) = -28*x**2 - 2407*x + 80. Let z be l(-86). Let h(n) = 0*n + 2 - n + n + 2*n. What is h(z)?
-10
Let l be -805*(1/(-2) + 14/140). Let k = 327 - l. Let u(g) = g - 6*g + 4*g**2 - 3*g**2 - 2. What is u(k)?
-2
Let j(d) = 1. Let t(f) = -2*f - f + 2 + 2. Let o(v) = 3*j(v) - t(v). Let i(x) = -3*x**2 + 148*x - 47. Let q be i(49). Give o(q).
5
Let q(d) = 19*d + 17. Suppose 6*z - 4 + 48 = -38*z. Give q(z).
-2
Let b(j) be the first derivative of j**2 + 19*j - 31472. Let x(v) = 2*v - 1. Let a be x(-3). Determine b(a).
5
Let g be 6 + (144/120)/(2/(-35)). Let o(s) = -2*s**2 - 30*s + 13. What is o(g)?
13
Let o(r) = 2*r + 15*r**2 + r**3 - 7 + 0*r**3 - 21*r**2 - 1. Suppose -2*y + 3*d = -7*y + 45, 0 = 5*d - 25. What is o(y)?
4
Let l(x) = -x**3 + 2*x**2 - 2*x + 5. Let n = -343 - -345. Let z be l(n). Let c(d) = -15*d**2. Give c(z).
-15
Let z(y) = 4*y**3 - 29*y**2 - 5*y + 1. Let u(j) = -11*j**3 + 102*j**2 + 16*j - 4. Let l(g) = 2*u(g) + 7*z(g). Determine l(-2).
-39
Let w(y) = -y**2 - 13*y + 10. Suppose 0 = -160*b + 151*b - 108. Determine w(b).
22
Suppose 4*w + 7 = -t, 98*w - 93*w + 3*t = -14. Let i(j) = -4*j**2 + 15*j + 9. Let u(o) = -3*o**2 - o - 1. Let g(a) = w*i(a) + u(a). Give g(17).
7
Suppose 287 - 291 = -2*s. Let v(c) = 4 - 21 + 16 - s*c. Give v(7).
-15
Let j(c) = 2*c**2 - 1107*c - 1106. Let l be j(-1). Let r(b) be the third derivative of 0*b - 31*b**2 + 1/12*b**4 + 0 - 1/2*b**l. Calculate r(7).
11
Let r(j) = -2*j - 8. Let c(p) be the first derivative of p**4/4 + 2*p**3 - p**2 + 12*p - 7. Let z be c(-7). Let x = -31 - z. Give r(x).
8
Let h(q) = 5*q**2 + 7*q + 6. Let v = -147 + 140. Let z(c) = 9*c**2 + 14*c + 12. Let i(g) = v*h(g) + 4*z(g). Determine i(-4).
-6
Let l(j) = -1 + 3*j - 10368*j**2 - 2*j + 10367*j**2 + j**3. Suppose 2*g + 11 = 3*m, -2*m = -3*g - 6 - 3. Give l(m).
20
Let g(z) = -14*z + 124. Let v be g(9). Let u be v/3 - -11*9/27. Let j(k) be the second derivative of k**4/12 - 5*k**3/6 + k**2 - 2*k. Give j(u).
-4
Let d(c) = 2*c + 16. Let m = 10398 - 10418. Give d(m).
-24
Let q(m) = -m + 9. Suppose -216*r + 164*r + 676 = 0. Determine q(r).
-4
Let x(d) = 823*d**2 - 418*d**2 + 1 - 447*d**2 - d. Calculate x(-1).
-40
Let o(z) = 3*z - 5*z**2 - 4 - 2*z**3 + 3*z**3 + 2*z. Suppose -n + 10 + 4 = c, -4*c = -5*n + 79. Suppose -s + 7 = -2*y + 13, y + n = 5*s. Determine o(s).
0
Suppose 0*i + 2*i = -5*x + 5, -4*i = 3*x - 3. Let c(j) be the third derivative of -2/15